 l(y) = 6*y**2 + 6*y + 1. Let g(q) = -5*h(q) + 4*l(q). Calculate g(-5).
4
Let n(u) = -u**2 + 3*u + 3. Let r(g) = -g + 5. Suppose 4*h + 5*z = -5, -4*h + 1 = -z - 0. Let j be r(h). Give n(j).
-7
Suppose -2*l + 5*x + 39 = 0, 4*x = 2*l + 2*l - 60. Suppose 0 = -2*j - 2*j + l. Let q(w) be the first derivative of w**2 + w + 2. Calculate q(j).
7
Let l(r) = -r**2 - 9*r - 18. Let z be l(-5). Let y(m) be the first derivative of -4 - 1/2*m**z + 0*m**3 + 0*m - 1/4*m**4. What is y(1)?
-2
Suppose -2*q - 6 = -4*h, 0*q = q + 2*h - 5. Let r(m) = 4*m**3 - m + 1. Determine r(q).
4
Let l = 6 - 4. Suppose 1 = c - l. Suppose 1 + 2 = c*r. Let w(y) = -4*y**2 - y + 1. Calculate w(r).
-4
Let o(s) = -s**3 + 4*s**2 - 3*s. Let q(x) = -x**2 + 8*x - 7. Let g be q(6). Suppose g*v - 1 = 9. What is o(v)?
2
Let n(f) = 2*f - 2. Let y(x) = -x**2 + 8*x + 9. Let w be y(9). Suppose 0 = -w*a - 5*a. Let m(h) = h + 4. Let d be m(a). Determine n(d).
6
Let i(y) = 2 - 3 - y + 6 + 1. Let t be i(3). Let j(c) = -4*c**2 + 5*c - 6. Let a(p) = 17*p**2 - 20*p + 25. Let b(g) = 2*a(g) + 9*j(g). Determine b(t).
-7
Let j(t) = 7*t + 6*t + 5*t - 14*t. Give j(-1).
-4
Let c(x) = -x**2 + 7*x - 5. Let a be (2/(-4))/((-1)/(-16)). Let z = 13 + a. Calculate c(z).
5
Let t = -2 - -8. Let u(j) = -4*j + 3*j**3 - 4*j**3 - j**2 + t*j**2. Let z(a) = a**3 + 2*a**2 - 3*a + 4. Let x be z(-3). Determine u(x).
0
Let c(a) = -a**2 - 5*a. Let t be c(-7). Let f be -14*(2*-1 + 4). Let g be (-48)/f - 4/t. Let b(o) = -2*o**2 + o + 2. What is b(g)?
-4
Let l be 7 + 3 + -3 - 2. Let m(w) = -2*w - 6*w**2 + l*w**2 + 8*w**2 + 1. What is m(1)?
6
Let i(l) = -7*l**3 - 5*l**2 - 3*l + 2. Let u(c) = 10*c**3 + 8*c**2 + 5*c - 3. Let y(a) = 7*i(a) + 5*u(a). Calculate y(-3).
5
Let n(l) be the second derivative of 3/2*l**3 + 3*l**2 + l + 0 - 1/12*l**4. Let s(g) = -2*g**2 + 19*g + 12. Let w(f) = 13*n(f) - 6*s(f). What is w(5)?
-4
Let x = 8 - 8. Suppose 3*n = 5 + 1. Let z(l) = -2*l + 2*l + l**2 + n - l. Give z(x).
2
Let c(k) be the third derivative of k**4/24 - 7*k**3/6 - k**2. Let r be (22 + -22)/((-2)/(-1) - 1). Determine c(r).
-7
Let u(g) = -5*g**3 + 5*g**2 + 5*g - 10. Let a(x) = -14*x**3 + 14*x**2 + 14*x - 31. Let t(v) = -6*a(v) + 17*u(v). Determine t(0).
16
Let q(d) = d**2 - 11*d + 22. Let b be q(6). Let l(t) = -t**2 - 8*t + 3. Determine l(b).
3
Let n(x) be the first derivative of -x**4/24 + x**3 - x**2/2 + 1. Let o(i) be the second derivative of n(i). Suppose 0 = -2*s - s. Calculate o(s).
6
Let n(h) = -h**2 + 5*h + 1. Let q(y) = 8 + 5 + y**2 - 13. Suppose 0*l = -4*g + 4*l - 8, -g + 4*l = 14. Let j be q(g). Determine n(j).
5
Suppose u - 5*u + 15 = 5*x, x - 3 = -3*u. Let d(i) = 16*i - 9. Let k(j) = 3*j - 2. Let y(b) = 2*d(b) - 11*k(b). Give y(u).
4
Let m(t) be the first derivative of -t**3/3 - 3*t + 17. Determine m(0).
-3
Let h(o) = o + 1. Suppose -g + 2*g + 104 = 5*y, 0 = -y - 2*g + 12. Suppose -3*p - 43 = -7*a + 2*a, -4*a + y = 0. Give h(p).
-5
Let g(q) = -q - 1. Let l(p) = p**3 - 10*p**2 + 8*p. Let i be l(9). Give g(i).
8
Let f(l) = 7 - 2*l - 10*l**3 - 1 - 5. Let q(j) = j**3 + j**2 - j + 1. Let t be q(0). Give f(t).
-11
Let w(z) = -z**3 + 11*z**2 - 9*z - 7. Let k be w(10). Let f(y) = -3 - k*y**3 - 2*y**3 + 4*y**3 - y**2. Give f(0).
-3
Let g(f) = -3 + 10 - 3*f + 4*f. Determine g(6).
13
Let q(s) = s**3 + s**2 + s + 1. Let r(k) = 4*k**3 + k + 4. Let y(a) = 3*q(a) - r(a). Let m = 24 + -21. Determine y(m).
5
Let w(d) = d - 1. Let u(g) = -3*g + 5. Let j(z) = -u(z) - 6*w(z). Calculate j(-2).
7
Let n(i) = 0*i - 14 - 5*i + 2*i**2 - i**2 + 9. Let x = -7 - -12. What is n(x)?
-5
Let b(l) = -4*l**2 + l**2 + 4*l**2 + l - 1. Calculate b(-2).
1
Let u(x) = -3*x - 6*x**2 - x**3 + 0*x**3 + 10*x**2. Let o = 2 + 1. Calculate u(o).
0
Suppose 7 = -3*w - 8. Let j(b) = -3*b**2 + 6*b - 6. Let m(q) = 7*q**2 - 12*q + 13. Let r(t) = w*j(t) - 2*m(t). Give r(6).
4
Let i(m) = 14*m + 5. Let g(c) = c + 1. Let h(b) = -4*g(b) + i(b). What is h(-1)?
-9
Suppose 0 = -13*u + 62 + 16. Let o(d) = -d + 8*d + 0*d - 8 - d**2. Calculate o(u).
-2
Let d(m) be the second derivative of m**5/20 - m**4/4 - 2*m**3/3 - m**2/2 - 4*m. Calculate d(4).
-1
Let y(z) = -z + 4. Let v(x) = 7*x - 2. Let j(l) = 8*l - 1. Let c(u) = -5*j(u) + 6*v(u). Suppose -4*f + 17 = -3. Let k(g) = f*y(g) + 3*c(g). Determine k(1).
0
Let w(z) = -3*z**2 - 2*z + 4. Let i(b) = -4*b**2 - b + 3. Let n(g) = -4*i(g) + 5*w(g). What is n(6)?
8
Let t(r) be the first derivative of 1/2*r**2 - r - 3. Calculate t(-5).
-6
Let s(f) = -3*f**2 + 2*f - 1. Suppose 0 = -2*q + 4 - 0. Determine s(q).
-9
Let a be 40/12 - (-8)/(-6). Suppose 0 = -a*j - 9 + 1. Let n(d) = -d - 1. Determine n(j).
3
Suppose m - 90 = -4*m. Let k be (m/21)/(1/7). Let b(h) = -4*h**2 - h**3 - 7*h + 2*h**3 + 7 - 3*h**2 + 2*h**2. What is b(k)?
1
Let h(a) = 7*a - 1. Suppose 0 = -5*g + 26 - 1. Suppose -5*x - 5*y + 29 = -x, -27 = -2*x - g*y. Give h(x).
6
Let z(x) = -5*x**3 - 1. Let u(i) = -i + 7. Let k be u(4). Suppose -k = -3*g - 0. What is z(g)?
-6
Let x(h) = -17 - 3*h + 0*h + 20 - h**2. Calculate x(-3).
3
Let t(g) = 2*g**2 + 3*g + 4. Let f = 93 + -96. Calculate t(f).
13
Let w(j) be the first derivative of -2*j**3 - j + 10. Let g be 0 + 1 - (-1 - -1). Give w(g).
-7
Let x = -41 + 40. Let d(a) = 2 + 0*a**2 - 1 - 6*a**2. Give d(x).
-5
Let d(y) = y**3 - 3*y**2 + 1. Suppose -7 - 29 = -12*t. What is d(t)?
1
Suppose 0 = -17*a + 22*a - 15. Let n(z) = z**2 - 2*z + 2. Calculate n(a).
5
Let u be 50/20 + -2 + (-1)/6. Let r(c) be the second derivative of 0 - 1/3*c**4 + 2*c - u*c**3 - 1/2*c**2. What is r(-1)?
-3
Let r be 1 + -1 + (8 - 6). Suppose n = -1 - 0, r*w = -n + 5. Let s(t) = -t. What is s(w)?
-3
Let s(y) be the third derivative of -y**4/24 + 5*y**3/6 + 7*y**2. What is s(-4)?
9
Let u(m) be the second derivative of -m**3/6 - 3*m**2/2 - 2*m. Suppose 4*r + 24 = h, h + 4 - 34 = 5*r. Give u(r).
3
Let o(u) = 3*u - 2. Suppose 3*n - 13 = 4*d + 9, 3*d + 18 = 3*n. Suppose 2*t + 2*a = -n - 4, 4*t - 5*a + 12 = 0. Determine o(t).
-11
Let w be ((-28)/8 - -3)*0. Let c(q) = 0*q + q + 1 + 7. Give c(w).
8
Let b(d) = d**2 + 1 + 2 + 2 - 2*d - 8. Give b(6).
21
Let q = 11 + -14. Let g(h) = h**3 + 3*h**2 - 3*h - 3. Determine g(q).
6
Let d(c) = -c - 2. Let f be d(-4). Let x(o) = 2 - o**f - 5 + 5. Give x(0).
2
Let s(z) be the first derivative of z**2/2 + 14*z - 129. Suppose 5*x - 4*a = -16, 2*x = -2*x + 3*a - 12. Determine s(x).
14
Let q(z) = 8*z - 3. Let v(m) = 8*m - 2. Let w(x) = 4*x - 1. Let l(d) = -4*v(d) + 7*w(d). Let r(k) = -5*l(k) - 2*q(k). Give r(-1).
-3
Let x(m) = -m + 1. Let l = -18 + 12. Calculate x(l).
7
Let i(y) be the third derivative of y**5/12 - y**4/24 + y**3/6 - 2*y**2. Let s = 0 - -1. What is i(s)?
5
Let s(x) = -x + 4 - 4. Let k(a) = -a - 2. Let j be k(-3). What is s(j)?
-1
Suppose 0 = 5*r + 14 + 1. Let c(p) = -4 + 5*p**2 - p**2 + 5*p**3 - 4*p**3. What is c(r)?
5
Let t(r) be the third derivative of -r**5/60 + r**3/6 + 8*r**2. Let i(q) = -6*q**2 - 2*q - 7. Let k(x) = i(x) + 6*t(x). What is k(-1)?
-11
Let z(r) = 4*r**2 + r**3 + 29*r - 6 - 18*r - 16*r. Suppose 0 = -3*c - 1 - 11, 5*c = -2*n - 30. Determine z(n).
-6
Let g be (-27)/(-4)*(-16)/(-12). Let h(c) = c**2 - 8*c - 3. What is h(g)?
6
Let m(n) = -2*n**2 + 1 + 78*n + 2*n**3 - 78*n - 3*n**3. Calculate m(-3).
10
Let m be (15 + -1)*(-6)/(-3). Suppose -5*o + 20 = 0, -m = 4*w - 4*o - 0*o. Let v = w - -2. Let p(j) = -j**2 + 1. What is p(v)?
0
Let i be (-63)/18 + (-2)/4. Let s be (-23)/(-7) + i/14. Let h(k) = -2*k**2 + 4*k - 3. Calculate h(s).
-9
Let g(i) be the third derivative of i**4/24 + i**3 + 2*i**2. Suppose 0 = 2*b - 10, 2*f + 33 - 12 = b. Determine g(f).
-2
Suppose 0*o = -4*o + 4. Let z(j) = o + 0 - 2*j + 2*j**3 - 2. Calculate z(-1).
-1
Let j(m) = m**2 - 5*m - 7. Let o be j(7). Let i(p) = -3 + o - 3*p - 1 + 4*p. What is i(0)?
3
Let w = 18 + -13. Let j(f) = 3 + w*f**2 + 9*f**3 + 2*f - 2 - 8*f**3. Give j(-5).
-9
Let o(x) = -x - 2. Let n = 1 - 1. Suppose n = r + r + 10. Calculate o(r).
3
Let b(g) = -5*g + 13*g - 7*g + 0*g - g**2 + 1 + g**3. Suppose 3*l + 0*l + 3 = 0. Determine b(l).
-2
Let w be (-1)/(27/(-15) - -2). Let q(x) = -x + 8. Let b(m) = -2*m + 15. Let h(k) = w*q(k) + 3*b(k). What is h(5)?
0
Suppose 0 = -4*z - 10 + 18. Let m(k) = -4*k**2 - 7*k + 5. Let u(q) = -3*q**2 - 6*q + 4. Let g(v) = z*m(v) - 3*u(v). Calculate g(-4).
-2
